2, 5
Let g(a) = 4*a**3 + a**2 - 2*a + 3. List the prime factors of g(2).
5, 7
What are the prime factors of 8/(-4) + 2 + 98?
2, 7
Suppose 2*g - 51 = g. List the prime factors of (0 + -1)/((-3)/g).
17
Suppose l = 4*y + 26, -52 = -5*l - 4*y + 6. Let u = -1 + l. List the prime factors of u.
13
Suppose 0 = 2*p, -4*h + 3*p = -p - 8. Suppose 20 = -5*t, -h*t + 1 - 30 = -3*d. Suppose -4*n + d + 17 = 0. List the prime factors of n.
2, 3
Let t(w) = -w**3 + 16*w**2 + 6*w - 2. What are the prime factors of t(16)?
2, 47
Suppose -2*w = -3*n - 4, 0 = 5*n - 4*w + w + 5. Suppose j - f = 32, 2*f + 66 = n*j - f. What are the prime factors of j?
2, 3, 5
Let a = -6 + 9. What are the prime factors of a?
3
Let m(g) = 2*g**2 - 3*g + 3. What are the prime factors of m(-3)?
2, 3, 5
Let s = -7 - -13. List the prime factors of (-333)/(-12) + s/(-8).
3
Suppose -y + g = -63, -2*y - g + 126 = 2*g. List the prime factors of y.
3, 7
Let c = 94 - -19. What are the prime factors of c?
113
Let g = 1 + -1. Suppose 4*b - f = 119, -4*b + g*f = -5*f - 99. What are the prime factors of b?
31
Suppose -14 = -2*f - 3*t - 5, 3*f + 2*t = 6. Suppose 3*b - 73 = -5*j, -4*b = -f*j - 3*j + 38. List the prime factors of j.
2, 7
Suppose -104 = 3*b + 4*y, y = 2*b + 7 + 44. Let l = 40 + b. What are the prime factors of l?
2, 3
Let q = 147 + -71. What are the prime factors of q?
2, 19
Suppose 0 = 2*w + p - 5*p - 70, 0 = -w - 5*p. What are the prime factors of w?
5
Let f = 128 - 85. What are the prime factors of f?
43
Let o(n) = 19*n**2 + 2*n - 1. What are the prime factors of o(-2)?
71
Let i = -28 - -46. What are the prime factors of i?
2, 3
Let u be 10/(-15) + (-50)/(-3). Suppose -3*c + 5*k = -u, -3 = 2*k + 1. What are the prime factors of c?
2
Suppose -2*l + 4 = -l. Suppose 36 = 2*k + 2*b, 2*k - l*b - 9 + 3 = 0. List the prime factors of k.
13
Let i = -154 - -226. List the prime factors of i.
2, 3
Let x = 8 + -6. Suppose -2*w + 4*w + 18 = x*a, -3*w = -a + 19. What are the prime factors of (-1)/a + (-260)/(-16)?
2
Let z(t) = t**2 + 7*t - 8. Let c(x) = -x**2 - 7*x + 7. Let v(f) = 3*c(f) + 2*z(f). What are the prime factors of v(-7)?
5
Let t(r) = r + 1. Let n be t(-2). Let x(l) = l + 7. Let s(i) = 6. Let w(h) = 6*s(h) - 5*x(h). What are the prime factors of w(n)?
2, 3
Let d be (-78)/(-4)*(-16)/(-12). Suppose -w + 2*w - d = 0. What are the prime factors of w?
2, 13
Let r = 0 - -2. Let l be 0 + (r - 29)/(-3). Let m = l - 2. What are the prime factors of m?
7
Let h = 189 + -76. What are the prime factors of h?
113
Let y(q) = -q - 6. Suppose -2*p + 6*p = -36. What are the prime factors of y(p)?
3
Let i(s) = -s**2 - 5*s + 2. Let d(m) = m**2 + 11*m + 6. Suppose -2*w + 20 = -4*w. Let v be d(w). What are the prime factors of i(v)?
2, 3
What are the prime factors of 1*10 - (-5 - -8)?
7
Let h = 4 + 0. Suppose 0 = -5*m + h + 51. Suppose 0 = 2*s - k - 17 - m, -3*k = 5*s - 48. What are the prime factors of s?
2, 3
Let p be 460/(-6)*66/(-55). Suppose -4*v = p - 284. List the prime factors of v.
2, 3
Let l(o) = o - 5. Let s be l(7). What are the prime factors of s + (2 - -1)/1?
5
Suppose 2*u + u + 27 = 0. Let z = 19 + u. List the prime factors of ((-7)/(-1))/(5/z).
2, 7
Let j be 3/9*(-1 + 10). What are the prime factors of (63/6)/(j/4)?
2, 7
Let z be (-1 + 0)*-1*7. Suppose 2*y + z - 23 = 0. List the prime factors of y.
2
Suppose 0 = -4*g + 2*g + 6. Let o = g - 2. What are the prime factors of o/(-2) - (-5)/2?
2
Let a = -14 - -6. Let j = a + 13. Let h = 3 + j. List the prime factors of h.
2
Let a be 8/10*15/(-2). List the prime factors of -2 + (-11)/(11/a).
2
Suppose 137 + 103 = 5*t. List the prime factors of t.
2, 3
Let d = 6 + -2. Suppose -d*m + 4 = -2*c, 4*m = c - 0 - 2. What are the prime factors of c/(-15) - (-114)/15?
2
Let u(v) = -v**3 + 5*v**2 + 7*v - 1. Let f be u(6). Suppose -p - 16 = -f*p. Suppose p*y - 28 = 12. List the prime factors of y.
2, 5
Let s(n) = 3*n - 2*n**2 + n**2 - n**3 + 3 - 3*n**2. Let m be s(-5). Suppose -4*v + 7*v - 4*o = m, -4*v = -2*o - 14. What are the prime factors of v?
3
Let w = 2 - 14. Let z = 5 - w. What are the prime factors of z?
17
Suppose 5*v = 5, -3*g - 3*v + 10 = v. Suppose -g*d = -3*d + 8. List the prime factors of d.
2
Let s = 73 - 83. Suppose -5*v + 3 = -2*l, -l + 3*v = -v + 6. What are the prime factors of (-126)/s - l/(-15)?
13
Let g(w) = w**2 - 13*w + 4. Let o(k) = -k**2 + 14*k - 4. Let z(t) = -6*g(t) - 5*o(t). What are the prime factors of z(5)?
11
Let i = 21 + -21. Suppose i = -s + 1 + 1. What are the prime factors of s?
2
Suppose 14*q = 7*q + 385. What are the prime factors of q?
5, 11
Suppose 132*f - 130*f - 68 = 0. List the prime factors of f.
2, 17
Let j(i) = 2*i + 18. List the prime factors of j(6).
2, 3, 5
Suppose 0 = -u - 4*r + 213 + 105, -u + 282 = -5*r. List the prime factors of u.
2, 151
Suppose -82 = -4*o + 206. What are the prime factors of o?
2, 3
Suppose 5*z = -2*g + 21, -4*z - g = -0 - 15. Suppose z*a + 4 = 5*a. Let c = 10 - a. What are the prime factors of c?
2
Suppose 7 = -i - 4*b - 3, -3*i - 12 = 3*b. Let q be 1/(i - -1)*-21. Suppose -7 = -4*a + q. List the prime factors of a.
7
Suppose -6*w + 53 + 205 = 0. What are the prime factors of w?
43
Let g = -44 - -126. What are the prime factors of g?
2, 41
Let r(k) = 77*k - 4. What are the prime factors of r(2)?
2, 3, 5
Suppose 1 = r - 5*z + 11, -3*z - 1 = -2*r. Let i = 8 - r. Suppose n = -i*v + 13, 4*n + v + 6 = 36. What are the prime factors of n?
7
Let n be (2/2)/(2/12). Suppose 5*z = 4*o - 51, 0 = 2*o - z + n*z - 33. What are the prime factors of o?
2, 7
Suppose -4*l - 93 = -5*p, 2*p + 2*l + 18 = 66. List the prime factors of p.
3, 7
Let c(f) = -f**3 + 6*f**2 + 6*f + 1. Let i be c(7). Let y = 7 - -7. Let o = i + y. What are the prime factors of o?
2
Suppose 4*z + 414 = 14. Let d be 1/(-2)*(z + -6). Suppose 4*q - 3*w - 2*w = d, 0 = -q - w + 2. List the prime factors of q.
7
Suppose -i - w = -74, 120 + 77 = 3*i - 2*w. List the prime factors of i.
3, 23
Let p = 32 + -6. What are the prime factors of p?
2, 13
Suppose 4*a = 3*i + 9, 2*a - 3 = 6*i - 3*i. Let n(l) = l**2 - 3*l + 3. Let j be n(a). Suppose j*m + 8 = 7*m. What are the prime factors of m?
2
Suppose a + 1 = -4. Let q be 2/a - 4/(-10). Suppose 2*s - 8 = 4*v + 22, -4*s + 5*v + 54 = q. List the prime factors of s.
11
Let t be (16/(-2) + 2)/1. Let j be (-2)/(t/8 - -1). Let m = j + 18. What are the prime factors of m?
2, 5
Let k be (-6)/3*1/2. Let g be (1 - 2 - 0) + 4. Let n = g - k. List the prime factors of n.
2
Suppose 4*y = y - 5*v + 19, -4*v = -y - 5. Suppose 0 = -4*k - y - 1. Let p = k + 6. What are the prime factors of p?
5
Let q(c) = -c - 7. Let j be q(-11). Suppose -3*x - 6 = -j*x. What are the prime factors of x?
2, 3
Let o(p) = 15*p**2 + p. Let v be o(-2). Let w = 84 - v. Suppose 0 = -4*g + 6 + w. List the prime factors of g.
2
Let a(s) = s**3 + 2*s**2 - 4*s - 1. Let h be a(-3). Suppose 2*k - 15 = k. List the prime factors of k/h*12/18.
5
Suppose 4*q = q + 45. What are the prime factors of q?
3, 5
Suppose -2*j + 3*j - 5 = 0. Suppose t - j*t = 0. Suppose -3*g = -8*g - w + 44, -2*g + 4*w = t. What are the prime factors of g?
2
Let c(p) = -p**3 - 5*p**2 + 5*p - 2. Let j = -9 - -3. Let k be c(j). Suppose 0 = -5*b, -5*u + 58 = -k*b + 13. List the prime factors of u.
3
Let m be (-8)/12 + (-5)/(-3). Let k be 12*m - (5 - 5). Suppose 0 = l + 3*l - k. List the prime factors of l.
3
Let f(u) = u**2 + u + 1. Let j be ((-1)/2)/((-4)/(-32)). Let a = 1 + j. List the prime factors of f(a).
7
What are the prime factors of (2/(((-6)/(-147))/2))/1?
2, 7
Suppose -86 = -3*j - w, 0 = 7*j - 3*j + 3*w - 108. Suppose -3*c + 6*c - j = 0. Let s = c - 2. List the prime factors of s.
2
Suppose -2*q + o = 5, -2*q + 3*q + 2*o = 0. Let p = 7 - q. List the prime factors of p.
3
Let i(y) = 4*y**2 - 1. Let k be i(2). Suppose -4*d + d + k = 0. Suppose 60 = d*t - 5*x, -5*t + 0*x + 60 = x. What are the prime factors of t?
2, 3
Let p = 24 + -5. Let z = -2 + p. Let t = 35 - z. List the prime factors of t.
2, 3
Let o(z) = z**3 + 3*z**2 - 5*z. Let d be o(-4). Suppose -4*l + 77 = -l - d*h, -3*h = -l + 34. List the prime factors of l.
19
Let h(j) = 4*j**2 - 6*j + 15. List the prime factors of h(7).
13
Let d(n) = -n**3 - 4*n**2 + n + 4. Let r be d(-4). Suppose -5*c + 3*s + 49 = 